).
16
Let a(v) = -3*v**2 - 14*v + 14. What is a(-5)?
9
Let c(l) = l**2 + 6*l - 15. Determine c(-7).
-8
Let o(n) = -n**3 + 19*n**2 - 15*n - 42. Give o(18).
12
Let d(v) = -v - 3. What is d(-4)?
1
Let q(s) = -8*s + 43. Calculate q(10).
-37
Let f(z) = z**3 - 17*z**2 - 18*z + 4. What is f(18)?
4
Let o(p) = p - 31. Determine o(27).
-4
Let v(r) = r**2 + 5*r - 13. Calculate v(3).
11
Let c(j) = 3*j**2 + 1. Calculate c(-1).
4
Let t(q) = -3*q - 60. What is t(-10)?
-30
Let p(l) = -l**2 - 23*l - 64. Determine p(-20).
-4
Let d(v) = -3*v**2 + 15*v + 1. What is d(4)?
13
Let r(x) = -x - 24. What is r(-23)?
-1
Let h(f) = -f**3 - 4*f**2 + 2. What is h(-3)?
-7
Let y(m) = m**3 + 9*m**2 - 3. What is y(-9)?
-3
Let i(y) = 6*y + 10. Give i(0).
10
Let z(k) = -k**3 - 28*k**2 - 75*k - 11. Give z(-25).
-11
Let k(s) = s + 20. What is k(-39)?
-19
Let f(n) = 2*n + 22. Calculate f(-10).
2
Let i(l) = l**3 + 11*l**2 + 13*l + 8. What is i(-8)?
96
Let m(t) = 76*t - 6. Determine m(2).
146
Let a(b) = -b**2 - 11*b - 25. What is a(-7)?
3
Let j(r) = -r**3 - 7*r**2 + 9*r + 11. What is j(-8)?
3
Let c(t) = 4*t**3 - t. Give c(1).
3
Let n(s) = s**3 - 13*s**2 + 10*s + 23. Determine n(12).
-1
Let v(b) = 2*b**3 + 25*b**2 - 15*b + 9. Give v(-13).
35
Let q(g) = -g**2 - 17*g - 54. What is q(-13)?
-2
Let i(q) = 4*q + 34. Determine i(-8).
2
Let f(v) = -v**3 - 15*v**2 + 6. Calculate f(-15).
6
Let u(l) = l**2 - 84*l + 316. Calculate u(4).
-4
Let i(z) = z**2 - 9*z - 83. Determine i(-6).
7
Let r(a) = -a**2 - 12*a - 8. Calculate r(-7).
27
Let t(q) = -3*q + 6. Determine t(-7).
27
Let y(m) = -m - 16. Give y(6).
-22
Let c(i) = -7*i + 5. Give c(6).
-37
Let a(t) = 2*t + 35. Calculate a(7).
49
Let r(t) = t**3 - 7*t**2 + 16*t + 18. What is r(6)?
78
Let w(d) = -d**3 + d**2 + d - 1. Determine w(2).
-3
Let h(p) = 5*p - 49. Determine h(5).
-24
Let q(h) = h**3 - 3*h**2 - h - 6. Calculate q(3).
-9
Let j(r) = -r**2 + 15*r + 158. Give j(-7).
4
Let m(i) = i**3 + 3*i**2 - 9*i - 7. Calculate m(-4).
13
Let o(i) = i**2 + 5*i + 6. Give o(-3).
0
Let a(c) = 4*c + 4. What is a(-3)?
-8
Let d(n) = 18*n. What is d(2)?
36
Let v(a) = -a**3 - 25*a**2 - 24*a - 6. What is v(-24)?
-6
Let q(t) = -t + 13. Calculate q(15).
-2
Let m(x) = 5*x - 29. Calculate m(9).
16
Let x(m) = m**3 + 3*m**2 - m - 4. What is x(-4)?
-16
Let j(g) = 2*g + 28. Calculate j(-17).
-6
Let u(s) = 3*s - 5. Give u(5).
10
Let x(s) = s + 7. Calculate x(4).
11
Let w(v) = 35*v - 9. Determine w(-1).
-44
Let s(y) = y**3 - 3*y**2 - 4. Give s(4).
12
Let i(s) = -s**3 + 8*s**2 - 7*s + 2. Calculate i(7).
2
Let h(u) = 7*u + 8. Determine h(-4).
-20
Let l(x) = 2*x**2 - 60*x + 116. Calculate l(28).
4
Let b(t) = t**2 - 13*t + 18. Calculate b(12).
6
Let w(v) = 9*v - 6. What is w(3)?
21
Let d(x) = -x + 5. Determine d(10).
-5
Let y(v) = v**2 - 12*v - 44. Give y(-3).
1
Let w(p) = p**3 + 2*p**2 + 4*p - 4. What is w(0)?
-4
Let s(b) = 2*b + 90. What is s(-35)?
20
Let b(m) = 16*m**2 + 209*m + 3. Determine b(-13).
-10
Let v(w) = -w - 4. Calculate v(-4).
0
Let r(y) = -24*y + 126. Give r(5).
6
Let n(o) = o**2 + 8*o + 8. Determine n(-7).
1
Let i(c) = -c**2 + 16*c - 28. Calculate i(7).
35
Let g(q) = -2*q**2 - 6*q + 25. Determine g(-7).
-31
Let r(l) = 11*l - 1. Give r(-1).
-12
Let m(a) = -a**3 + 5*a**2 + 9*a - 14. Give m(8).
-134
Let t(s) = -s**2 - 16*s + 7. Calculate t(-8).
71
Let a(d) = d**3 + 7*d**2 + 10*d + 150. Give a(-8).
6
Let v(d) = -d - 36. Determine v(6).
-42
Let j(z) = z**2 + 7*z - 1. Determine j(-5).
-11
Let i(k) = k**3 - 10*k**2 + 2*k - 16. Give i(10).
4
Let s(y) = -3*y**2 + 2*y - 1. Calculate s(1).
-2
Let b(v) = 71*v**3 - v**2 + v + 1. What is b(-1)?
-72
Let d(x) = -x**3 - 7*x**2 - 2*x - 7. Determine d(-7).
7
Let b(i) = 5*i**2 + 7*i + 8. Determine b(-4).
60
Let u(b) = b**3 - 33*b**2 - 36*b + 119. Give u(34).
51
Let q(p) = p**3 - p - 1. Determine q(0).
-1
Let y(b) = -b**3 - 11*b**2 - 19*b - 11. What is y(-9)?
-2
Let f(n) = 2*n**3 - 48*n**2 - 3*n + 55. Determine f(24).
-17
Let z(d) = d - 18. Calculate z(8).
-10
Let n(z) = -9*z. What is n(-3)?
27
Let r(g) = 2*g - 23. Give r(13).
3
Let q(m) = -2*m**2 + 13*m + 1. Determine q(7).
-6
Let w(t) = t**3 - 11*t**2 + 4*t - 5. Calculate w(11).
39
Let d(k) = 6*k - 105. Calculate d(18).
3
Let y(p) = 3*p**2 + 30*p - 6. Give y(-10).
-6
Let s(q) = -15*q - 164. Calculate s(-13).
31
Let w(q) = -3*q**2 + 5*q + 1. Give w(4).
-27
Let d(m) = m**2 + 18*m - 4. Give d(-14).
-60
Let y(r) = r**2 + 24*r - 10. Calculate y(-24).
-10
Let k(u) = u**3 - 25*u**2 + 25*u - 20. Give k(24).
4
Let m(j) = -3*j - 3. Determine m(-3).
6
Let q(z) = -z**3 - 6*z**2 + 5*z - 19. What is q(-7)?
-5
Let p(o) = o**2 + 11*o + 28. Determine p(-11).
28
Let v(z) = -17*z + 142. Calculate v(11).
-45
Let g(q) = q**3 + 7*q**2 + 13. What is g(-7)?
13
Let x(m) = -2*m**2 + 43*m - 94. Calculate x(19).
1
Let n(w) = -w**2 - 6*w - 6. Calculate n(-8).
-22
Let g(q) = q**3 + 12*q**2 - 2*q - 25. Calculate g(-12).
-1
Let z(w) = -4*w + 9. What is z(4)?
-7
Let p(s) = -s**3 - 10*s**2 + 12*s + 9. Calculate p(-11).
-2
Let m(c) = 2*c**2 - 8*c + 9. Give m(7).
51
Let m(f) = f**3 + 10*f**2 - 24*f + 6. Give m(-12).
6
Let n(w) = -w**2 - 21*w + 15. Determine n(-20).
35
Let r(m) = m**2 + 11*m + 21. What is r(-6)?
-9
Let i(b) = -22*b - 155. What is i(-6)?
-23
Let p(q) = q**3 - 25*q**2 - 47*q + 6. Calculate p(27).
195
Let d(a) = -4*a + 4. What is d(-6)?
28
Let a(n) = -2*n - 2. Calculate a(1).
-4
Let x(n) = n**2 - 3. Give x(4).
13
Let c(b) = -b**2 - 9*b - 14. Give c(-6).
4
Let x(g) = -g**2 + 2*g + 7. Calculate x(-3).
-8
Let b(o) = -13*o - 32. Give b(-6).
46
Let n(l) = -44*l - 255. Calculate n(-6).
9
Let j(i) = i + 1. What is j(12)?
13
Let x(t) = -t + 5. What is x(-3)?
8
Let g(f) = 3*f - 19. Calculate g(8).
5
Let j(p) = -p**3 - 9*p**2 - 5*p - 3. Give j(-8).
-27
Let t(d) = -d**3 - 6*d**2 - d + 4. Calculate t(-7).
60
Let g(i) = i**3 + 17*i**2 + 16. What is g(-17)?
16
Let c(b) = b**3 - 6*b**2 - b - 11. Calculate c(6).
-17
Let h(d) = -d**3 + 17*d + 1. What is h(-4)?
-3
Let y(p) = -6*p**2 - 2*p + 1. What is y(-2)?
-19
Let i(r) = r**2 + 13*r + 2. Calculate i(-14).
16
Let v(q) = -q**2 - 7*q - 5. Calculate v(-7).
-5
Let k(a) = -a**2 + 9*a - 21. Calculate k(6).
-3
Let q(v) = -v**3 + v**2 - 3*v + 1. Give q(2).
-9
Let j(h) = -h**3 + 42*h**2 - 2. What is j(42)?
-2
Let h(m) = -3*m + 38. Give h(12).
2
Let q(f) = -f**2 - 12*f - 15. Give q(-11).
-4
Let b(g) = -g**3 - 15*g**2 - 12*g - 3. Calculate b(-14).
-31
Let s(x) = -2*x**2 + 5*x - 9. Determine s(0).
-9
Let u(h) = h**3 - 6*h**2 - 5*h + 6. Determine u(6).
-24
Let j(o) = -16*o - 96. Calculate j(-6).
0
Let f(y) = -y**3 + 4*y**2 + y + 5. What is f(5)?
-15
Let j(r) = 3*r**2 - 6*r - 5. Calculate j(8).
139
Let p(g) = -g**2 + 6*g - 3. Determine p(6).
-3
Let i(h) = h**2 + 17*h + 16. Calculate i(-14).
-26
Let v(k) = -k**3 - 4*k**2 - k - 1. What is v(-4)?
3
Let u(a) = -4*a**2 + 3*a + 1. Give u(4).
-51
Let w(x) = -x**2 + 66*x + 272. What is w(70)?
-8
Let h(y) = y**2 + 4*y + 1. Calculate h(-5).
6
Let q(y) = -y**2 - 53*y - 99. Determine q(-51).
3
Let y(t) = 7*t**3 - 3*t**2 - t + 2. Determine y(-1).
-7
Let y(w) = w**3 - 6*w**2 + 7. Give y(6).
7
Let j(n) = n + 39. Calculate j(-31).
8
Let i(a) = a**2 - 32*a + 55. Calculate i(30).
-5
Let x(w) = 70*w - 914. Determine x(13).
-4
Let k(x) = -x + 26. Give k(-16).
42
Let f(q) = q**3 - 5*q**2 - 4*q - 7. Determine f(6).
5
Let j(v) = -10*v + 19. Give j(-14).
159
Let b(r) = r**2 + r - 2. What is b(-3)?
4
Let m(x) = -x**2 + 2*x + 355. Calculate m(20).
-5
Let z(g) = -2*g**2 - 12*g + 4. Calculate z(-10).
-76
Let p(k) = k**3 + 5*k**2 - 2. Determine p(-4).
14
Let y(k) = 37*k + 2. What is y(1)?
39
Let k(y) = 36*y - 108. Determine k(3).
0
Let h(t) = 3*t + 4. Give h(0).
4
Let y(k) = k**2 - 5*k + 1. Give y(8).
25
Let r(m) = -8*m + 11. Give r(5).
-29
Let l(b) = -2*b + 9. Determine l(-10).
29
Let h(j) = j**3 - 5*j**2 - 5*j - 7. What is h(7)?
56
Let z(n) = -5*n - 7. Give z(-3).
8
Let k(s) = 9*s + 53. Calculate k(-5).
8
Let w(j) = -2*j**3 - 3*j**2 - 8*j - 13. What is w(-3)?
38
Let y(v) = v**2 + 10*v - 29. Calculate y(5).
46
Let o(m) = -9*m + 12. Give o(1).
3
Let g(u) = -u**2 + 9*u - 38. Determine g(6).
-20
Let y(z) = z**2 + 9*z + 6. Calculate y(-10).
16
Let a(o) = o - 9. What is a(12)?
3
Let v(g) = -g**3 - 5*g**2 - 5*g - 65. What is v(-6)?
1
Let n(l) = 9*l - 27. Give n(4